{"id":351,"date":"2022-02-18T14:05:44","date_gmt":"2022-02-18T14:05:44","guid":{"rendered":"http:\/\/birbi.matf.bg.ac.rs\/?page_id=351"},"modified":"2022-02-18T14:05:47","modified_gmt":"2022-02-18T14:05:47","slug":"seminars-archive","status":"publish","type":"page","link":"http:\/\/birbi.matf.bg.ac.rs\/index.php\/en\/seminars-archive\/","title":{"rendered":"Seminars archive"},"content":{"rendered":"\n<p>1\/12\/2021 On Wednesday, December 1, starting at 6:15 PM, a meeting of the Bioinformatics seminar will be held in the online classroom at the Faculty of Mathematics. Teachers and students of doctoral and master studies in computer science, mathematics, biological and other related disciplines are invited to use the opportunity to join us. Links for attending the seminar will be added here.<br><a href=\"http:\/\/birbi.matf.bg.ac.rs\/index.php\/en\/seminar-01-12-2021-2\">Details<\/a><\/p>\n\n\n\n<p>2\/10\/2021 from 18:15 prof. Dr. Nata\u0161a Pr\u017eulj will present on the topic Between viral targets and differentially expressed genes in COVID-19: the sweet spot for therapeutic intervention&nbsp;<br><a href=\"http:\/\/birbi.matf.bg.ac.rs\/index.php\/en\/seminar-2021-02-12\/\">Details<\/a><\/p>\n\n\n\n<p>2\/24\/2021 from 18:15 An\u0111ela Rodi\u0107 will present the topic Biophysical and bioinformatics approach in the research of SARS-CoV-2 virus transmission in the population<\/p>\n\n\n\n<p>3\/24\/2021 from 18:15 Olgica \u0110urkovi\u0107-\u0110akovi\u0107 will present on the topic First experiences with naturally acquired in relation to vaccine immunity against SARS-CoV-2 in the population of Belgrade citizens<\/p>\n","protected":false},"excerpt":{"rendered":"<p>1\/12\/2021 On Wednesday, December 1, starting at 6:15 PM, a meeting of the Bioinformatics seminar will be held in the online classroom at the Faculty of Mathematics. Teachers and students of doctoral and master studies in computer science, mathematics, biological and other related disciplines are invited to use the opportunity to join us. Links for &hellip; <a href=\"http:\/\/birbi.matf.bg.ac.rs\/index.php\/en\/seminars-archive\/\" class=\"more-link\">Continue reading<span class=\"screen-reader-text\"> &#8220;Seminars archive&#8221;<\/span><\/a><\/p>\n","protected":false},"author":3,"featured_media":0,"parent":0,"menu_order":0,"comment_status":"closed","ping_status":"closed","template":"","meta":[],"acf":[],"_links":{"self":[{"href":"http:\/\/birbi.matf.bg.ac.rs\/index.php\/wp-json\/wp\/v2\/pages\/351"}],"collection":[{"href":"http:\/\/birbi.matf.bg.ac.rs\/index.php\/wp-json\/wp\/v2\/pages"}],"about":[{"href":"http:\/\/birbi.matf.bg.ac.rs\/index.php\/wp-json\/wp\/v2\/types\/page"}],"author":[{"embeddable":true,"href":"http:\/\/birbi.matf.bg.ac.rs\/index.php\/wp-json\/wp\/v2\/users\/3"}],"replies":[{"embeddable":true,"href":"http:\/\/birbi.matf.bg.ac.rs\/index.php\/wp-json\/wp\/v2\/comments?post=351"}],"version-history":[{"count":1,"href":"http:\/\/birbi.matf.bg.ac.rs\/index.php\/wp-json\/wp\/v2\/pages\/351\/revisions"}],"predecessor-version":[{"id":352,"href":"http:\/\/birbi.matf.bg.ac.rs\/index.php\/wp-json\/wp\/v2\/pages\/351\/revisions\/352"}],"wp:attachment":[{"href":"http:\/\/birbi.matf.bg.ac.rs\/index.php\/wp-json\/wp\/v2\/media?parent=351"}],"curies":[{"name":"wp","href":"https:\/\/api.w.org\/{rel}","templated":true}]}}