{"id":326,"date":"2021-12-15T15:48:26","date_gmt":"2021-12-15T15:48:26","guid":{"rendered":"http:\/\/birbi.matf.bg.ac.rs\/?page_id=326"},"modified":"2021-12-15T15:51:39","modified_gmt":"2021-12-15T15:51:39","slug":"seminar-15-12-2021","status":"publish","type":"page","link":"http:\/\/birbi.matf.bg.ac.rs\/index.php\/sr\/seminar-15-12-2021\/","title":{"rendered":"\u0421\u0435\u043c\u0438\u043d\u0430\u0440 15.12.2021"},"content":{"rendered":"\n<h3>Rezime<\/h3>\n\n\n\n<p>U Institutu za medicinska istra\u017eivanja se sprovodi istra\u017eivanje &#8220;Pra\u0107enje prirodno ste\u010denog i vakcinalnog imuniteta na SARS-CoV-2 virus kod odraslih ispitanika&#8221;, \u010diji je osnovni cilj utvr\u0111ivanje dugoro\u010dne evolucije antitela specifi\u010dnih za SARS-CoV-2 kod pacijenata sa COVID-19 i kod vakcinisanih ispitanika.<\/p>\n\n\n\n<p>Posle prvog preseka rezultata ovog istra\u017eivanja predstavljenih na ovom istom forumu krajem marta ove godine, u okviru ovog predavanja bi\u0107e predstavljeni rezultati dobijeni pra\u0107enjem na\u0161e kohorte ispitanika u periodu do 9 meseci posle vakcinacije.<\/p>\n\n\n\n<h3>Predava\u010d<\/h3>\n\n\n\n<p>Dr sc. med. Olgica \u0110urkovi\u0107-\u0110akovi\u0107 je nau\u010dni savetnik Instituta za medicinska istra\u017eivanja Univerziteta u Beogradu. Osniva\u010d je Centra izuzetnih vrednosti za zoonoze preno\u0161ene hranom i vektorima, kao i Nacionalne referentne laboratorije za toksoplazmozu. Ima vi\u0161edecenijsko iskustvo u istra\u017eivanjima u oblasti infekcija gde je rukovodila nizom nau\u010dnoistra\u017eiva\u010dkih projekata. Od po\u010detka pandemije aktivno se sa svojim Centrom uklju\u010dila u istra\u017eivanja dijagnosti\u010dkih, imunolo\u0161kih i epidemiolo\u0161kih aspekata kroz longitudinalni monitoring SARS-CoV-2 specifi\u010dnih antitela u razli\u010ditim kategorijama populacije.<\/p>\n\n\n\n<h3>Organizatori<\/h3>\n\n\n\n<p>Rukovodioci seminara su prof. dr Gordana Pavlovi\u0107-La\u017eeti\u0107, prof. dr Nata\u0161a Pr\u017eulj i dr An\u0111ela Rodi\u0107.<\/p>\n","protected":false},"excerpt":{"rendered":"<p>Rezime U Institutu za medicinska istra\u017eivanja se sprovodi istra\u017eivanje &#8220;Pra\u0107enje prirodno ste\u010denog i vakcinalnog imuniteta na SARS-CoV-2 virus kod odraslih ispitanika&#8221;, \u010diji je osnovni cilj utvr\u0111ivanje dugoro\u010dne evolucije antitela specifi\u010dnih za SARS-CoV-2 kod pacijenata sa COVID-19 i kod vakcinisanih ispitanika. Posle prvog preseka rezultata ovog istra\u017eivanja predstavljenih na ovom istom forumu krajem marta ove godine, &hellip; <a href=\"http:\/\/birbi.matf.bg.ac.rs\/index.php\/sr\/seminar-15-12-2021\/\" class=\"more-link\">Continue reading<span class=\"screen-reader-text\"> &#8220;\u0421\u0435\u043c\u0438\u043d\u0430\u0440 15.12.2021&#8221;<\/span><\/a><\/p>\n","protected":false},"author":3,"featured_media":0,"parent":0,"menu_order":0,"comment_status":"closed","ping_status":"closed","template":"","meta":[],"acf":[],"_links":{"self":[{"href":"http:\/\/birbi.matf.bg.ac.rs\/index.php\/wp-json\/wp\/v2\/pages\/326"}],"collection":[{"href":"http:\/\/birbi.matf.bg.ac.rs\/index.php\/wp-json\/wp\/v2\/pages"}],"about":[{"href":"http:\/\/birbi.matf.bg.ac.rs\/index.php\/wp-json\/wp\/v2\/types\/page"}],"author":[{"embeddable":true,"href":"http:\/\/birbi.matf.bg.ac.rs\/index.php\/wp-json\/wp\/v2\/users\/3"}],"replies":[{"embeddable":true,"href":"http:\/\/birbi.matf.bg.ac.rs\/index.php\/wp-json\/wp\/v2\/comments?post=326"}],"version-history":[{"count":1,"href":"http:\/\/birbi.matf.bg.ac.rs\/index.php\/wp-json\/wp\/v2\/pages\/326\/revisions"}],"predecessor-version":[{"id":329,"href":"http:\/\/birbi.matf.bg.ac.rs\/index.php\/wp-json\/wp\/v2\/pages\/326\/revisions\/329"}],"wp:attachment":[{"href":"http:\/\/birbi.matf.bg.ac.rs\/index.php\/wp-json\/wp\/v2\/media?parent=326"}],"curies":[{"name":"wp","href":"https:\/\/api.w.org\/{rel}","templated":true}]}}