{"id":222,"date":"2021-05-06T14:44:03","date_gmt":"2021-05-06T14:44:03","guid":{"rendered":"http:\/\/birbi.matf.bg.ac.rs\/?page_id=222"},"modified":"2023-05-08T12:13:50","modified_gmt":"2023-05-08T12:13:50","slug":"seminars","status":"publish","type":"page","link":"http:\/\/birbi.matf.bg.ac.rs\/index.php\/en\/seminars\/","title":{"rendered":"Seminars"},"content":{"rendered":"\n<hr class=\"wp-block-separator has-css-opacity aligncenter is-style-wide\"\/>\n\n\n\n<span style=\"font-size: 18px;\n    font-weight: bold;\n    color: gray;\">\n10.05.2023. 18:15. CET, Faculty of Mathematics\n<\/span>\n<p style=\"margin: 0\">\n<strong>Semantic unification and search of bioinformatics databases<\/strong>\n<\/p>\n<strong>\n<p style=\"font-style: italic; font-size: 16px\">Aleksandar Veljkovi\u0107, University of Belgrade, Faculty of Mathematics, Belgrade, Serbia<\/p>\n<\/strong>\n\n\n\n<p style=\"margin:0; font-size:16px\">\nDetails: <a href=\"http:\/\/birbi.matf.bg.ac.rs\/index.php\/en\/semantic-unification-and-search-of-bioinformatics-databases-2\/\">here<\/a>\n<br>\nWebex link: <a href=\"https:\/\/matf.webex.com\/meet\/birbi\">here<\/a><\/p>\n<br>\n\n\n\n<hr class=\"wp-block-separator has-alpha-channel-opacity is-style-wide\"\/>\n\n\n\n<span style=\"font-size: 18px;\n    font-weight: bold;\n    color: gray;\">\n19.04.2023. 18:15. CET, Faculty of Mathematics\n<\/span>\n<p style=\"margin: 0\">\n<strong>Multi-view boosting with adversarial multi-arm bandits on incomplete microbiome views<\/strong>\n<\/p>\n<strong>\n<p style=\"font-style: italic; font-size: 16px\">Andrea Simeon (born Mihajlovi\u0107), BioSense Institute, Novi Sad, Serbia<\/p>\n<\/strong>\n\n\n\n<p style=\"margin:0; font-size:16px\">\nDetails: <a href=\"http:\/\/birbi.matf.bg.ac.rs\/index.php\/en\/multi-view-boosting-with-adversarial-multi-arm-bandits-on-incomplete-microbiome-views-2\/\">here<\/a>\n<br>\nWebex link: <a href=\"https:\/\/matf.webex.com\/meet\/birbi\">here<\/a><\/p>\n<br>\n\n\n\n<hr class=\"wp-block-separator has-alpha-channel-opacity is-style-wide\"\/>\n\n\n\n<span style=\"font-size: 18px;\n    font-weight: bold;\n    color: gray;\">\n29.03.2023. 18:15. CET, Faculty of Mathematics\n<\/span>\n<p style=\"margin: 0\">\n<strong>Unlocking fertility in women via human omics data<\/strong>\n<\/p>\n<strong>\n<p style=\"font-style: italic; font-size: 16px\"> Dr Sta\u0161a Stankovi\u0107, University of Belgrade, Faculty of Mathematics, Serbia<\/p>\n<\/strong>\n\n\n\n<p style=\"margin:0; font-size:16px\">\nDetails: <a href=\"http:\/\/birbi.matf.bg.ac.rs\/index.php\/en\/unlocking-fertility-in-women-via-human-omics-data-2\/\">here<\/a>\n<br>\nWebex link: <a href=\"https:\/\/matf.webex.com\/meet\/birbi\">here<\/a><\/p>\n<br>\n\n\n\n<hr class=\"wp-block-separator has-alpha-channel-opacity is-style-wide\"\/>\n\n\n\n<span style=\"font-size: 18px;\n    font-weight: bold;\n    color: gray;\">\n15.3.2023. 18:15. CET, Faculty of Mathematics (in Serbian)\n<\/span>\n<p style=\"margin: 0\">\n<strong>C4IR in Serbia: Storage and analysis of genomic data\n<\/strong>\n<\/p>\n<strong>\n<p style=\"font-style: italic; font-size: 16px\"> Dr Branislava Gemovi\u0107, Centre for The Fourth Industrial Revolution, Serbia<\/p>\n<\/strong>\n\n\n\n<p style=\"margin:0; font-size:16px\">\nDetails: <a href=\"http:\/\/birbi.matf.bg.ac.rs\/index.php\/en\/c4ir-in-serbia-storage-and-analysis-of-genomic-data-2\/\">here<\/a>\n<br>\nWebex link: <a href=\"https:\/\/matf.webex.com\/meet\/birbi\">here<\/a><\/p>\n<br>\n\n\n\n<hr class=\"wp-block-separator has-alpha-channel-opacity is-style-wide\"\/>\n\n\n\n<span style=\"font-size: 18px;\n    font-weight: bold;\n    color: gray;\">\n22.02.2023. 18:15. CET, Faculty of Mathematics (online)\n<\/span>\n<p style=\"margin: 0\">\n<strong>SemiBin &#8211; Using self-supervised deep learning for better metagenomics binning\n<\/strong>\n<\/p>\n<strong>\n<p style=\"font-style: italic; font-size: 16px\"> Dr Luis Pedro Coelho, Big Data Biology Lab, Fudan University<\/p>\n<\/strong>\n\n\n\n<p style=\"margin:0; font-size:16px\">\nDetails: <a href=\"http:\/\/birbi.matf.bg.ac.rs\/index.php\/en\/semibin-using-self-supervised-deep-learning-for-better-metagenomics-binning\/\">here<\/a>\n<br>\nWebex link: <a href=\"https:\/\/matf.webex.com\/meet\/birbi\">here<\/a><\/p>\n<br>\n\n\n\n<hr class=\"wp-block-separator has-alpha-channel-opacity is-style-wide\"\/>\n\n\n\n<span style=\"font-size: 18px;\n    font-weight: bold;\n    color: gray;\">\n08.02.2023. 18:15. CET, Faculty of Mathematics (online)\n<\/span>\n<p style=\"margin: 0\">\n<strong>Machine intelligence and network science for complex systems big data analysis\n<\/strong>\n<\/p>\n<strong>\n<p style=\"font-style: italic; font-size: 16px\">Prof. Dr Carlo Vittorio Cannistraci, Center for Complex Network Intelligence,\nTsinghua University, Beijing, China<\/p>\n<\/strong>\n\n\n\n<p style=\"margin:0; font-size:16px\">\nDetails: <a href=\"http:\/\/birbi.matf.bg.ac.rs\/index.php\/en\/machine-intelligence-and-network-science-for-complex-systems-big-data-analysis-2\/\">here<\/a>\n<br>\nWebex link: <a href=\"https:\/\/matf.webex.com\/meet\/birbi\">here<\/a><\/p>\n<br>\n\n\n\n<hr class=\"wp-block-separator has-css-opacity is-style-wide\"\/>\n\n\n\n<span style=\"font-size: 18px;\n    font-weight: bold;\n    color: gray;\">\n14.12.2022. 18:15. CET, Faculty of Mathematics (online)\n<\/span>\n<ol style=\"margin: 0\">\n<li>\n<p style=\"margin: 0\">\n<strong>Center for Genomic Sequencing and Bioinformatics: current and future perspectives\n<\/strong>\n<\/p>\n<strong>\n<p style=\"font-style: italic; font-size: 16px\">dr Mirjana Novkovi\u0107, IMGGI<\/p>\n<\/strong>\n<\/li>\n<li>\n<p style=\"margin: 0\">\n<strong>Genome wide association study of COVID-19 clinical outcomes in population of Serbia\n<\/strong>\n<\/p>\n<strong>\n<p style=\"font-style: italic; font-size: 16px\">Marko Ze\u010devi\u0107, IMGGI and Seven Bridges<\/p>\n<\/strong>\n<\/li>\n<\/ol>\n\n\n\n<p style=\"margin:0; font-size:16px\">\nDetails (Center for Genomic Sequencing and Bioinformatics: current and future perspectives): <a href=\"http:\/\/birbi.matf.bg.ac.rs\/index.php\/en\/center-for-genomic-sequencing-and-bioinformatics-current-and-future-perspectives-2\/\">here<\/a>\n<br>\nDetails (Genome wide association study of COVID-19 clinical outcomes in population of Serbia): <a href=\"http:\/\/birbi.matf.bg.ac.rs\/index.php\/en\/genome-wide-association-study-of-covid-19-clinical-outcomes-in-population-of-serbia-2\/\">here<\/a>\n<br>\nWebex link: <a href=\"https:\/\/matf.webex.com\/meet\/birbi\">here<\/a><\/p>\n<br>\n\n\n\n<hr class=\"wp-block-separator has-css-opacity is-style-wide\"\/>\n\n\n\n<span style=\"font-size: 18px;\n    font-weight: bold;\n    color: gray;\">\n23.11.2022. 18:15. CET, Faculty of Mathematics (On ground and online)\n<\/span>\n<p style=\"margin: 0\">\n<strong>Hurst Space Analysis \u2013 data discrimination tool based on cyclic trends in records\n<\/strong><\/p><strong>\n\n<p style=\"font-style: italic; font-size: 16px\">dr Suzana Blesi\u0107, Institute for Medical Research, Belgrade<\/p><\/strong>\n\n\n\n<p style=\"margin:0; font-size:16px\">\nDetails: <a href=\"http:\/\/birbi.matf.bg.ac.rs\/index.php\/en\/hurst-space-analysis-data-discrimination-tool-based-on-cyclic-trends-in-records\">here<\/a>\n<br>\nWebex link: <a href=\"https:\/\/matf.webex.com\/meet\/birbi\">here<\/a><\/p>\n<br>\n\n\n\n<hr class=\"wp-block-separator has-css-opacity is-style-wide\"\/>\n\n\n\n<span style=\"font-size: 18px;\n    font-weight: bold;\n    color: gray;\">\n02.11.2022. 18:15. CET, Faculty of Mathematics (Online)\n<\/span>\n<p style=\"margin: 0\">\n<strong>Challenges in metagenomic annotation of antibiotic resistome\n<\/strong><\/p><strong>\n\n<p style=\"font-style: italic; font-size: 16px\">dr Svetlana Ugar\u010dina Perovi\u0107, Big Data Biology Lab, Fudan University, Shanghai, China<\/p><\/strong>\n\n\n\n<p style=\"margin:0; font-size:16px\">\nDetails: <a href=\"http:\/\/birbi.matf.bg.ac.rs\/index.php\/en\/challenges-in-metagenomic-annotation-of-antibiotic-resistome-2\/\">here<\/a>\n<br>\nWebex link: <a href=\"https:\/\/matf.webex.com\/meet\/birbi\">here<\/a><\/p>\n<br>\n\n\n\n<hr class=\"wp-block-separator has-css-opacity is-style-wide\"\/>\n\n\n\n<span style=\"font-size: 18px;\n    font-weight: bold;\n    color: gray;\">\n19.10.2022. 18:15 CET, Faculty of Mathematics (Online)\n<\/span>\n<p style=\"margin: 0\">\n<strong>Machine Learning for Precision Medicine\n<\/strong><\/p><strong>\n\n<p style=\"font-style: italic; font-size: 16px\">Martin Ester, Simon Fraser University, Burnaby, British Columbia, Canada<\/p><\/strong>\n\n\n\n<p style=\"margin:0; font-size:16px\">\nDetails: <a href=\"http:\/\/birbi.matf.bg.ac.rs\/index.php\/en\/machine-learning-for-precision-medicine\/\">here<\/a>\n<br>\nWebex link: <a href=\"https:\/\/matf.webex.com\/meet\/birbi\">here<\/a><\/p>\n<br>\n\n\n\n<hr class=\"wp-block-separator has-css-opacity is-style-wide\"\/>\n\n\n\n<span style=\"font-size: 18px;\n    font-weight: bold;\n    color: gray;\">\n11.05.2022. 18:15 CET, Faculty of Mathematics (Online)\n<\/span>\n<p style=\"margin: 0\">\n<strong>Prediction of alphabets of local protein structures using data mining methods\n<\/p>\n<p style=\"font-style: italic; font-size: 16px\">dr Mirjana Maljkovi\u0107, Faculty of Mathematics, University of Belgrade<\/p>\n\n\n\n<p style=\"margin:0; font-size:16px\">\nDetails: <a href=\"http:\/\/birbi.matf.bg.ac.rs\/index.php\/sr\/prediction-of-alphabets-of-local-protein-structures-using-data-mining-methods\/\">here<\/a>\n<br>\nWebex link: <a href=\"https:\/\/matf.webex.com\/meet\/birbi\">here<\/a><\/p>\n<br>\n\n\n\n<hr class=\"wp-block-separator has-css-opacity is-style-wide\"\/>\n\n\n\n<span style=\"font-size: 18px;\n    font-weight: bold;\n    color: gray;\">\n13.04.2022. 18:15 CET, Faculty of Mathematics (Online), in Serbian only\n<\/span>\n<p style=\"margin: 0\">\n<strong>Two decades of toxicogenomics &#8211; opportunities and challenges of <i>in silico<\/i> toxicogenomics data analysis<\/strong>\n<\/p>\n\n<p style=\"font-style: italic; font-size: 16px\">dr sc. Danijela \u0110uki\u0107-\u0106osi\u0107, Faculty of Pharmacy, University of Belgrade<\/p>\n\n\n\n<p style=\"margin:0; font-size:16px\">\nDetails: <a href=\"http:\/\/birbi.matf.bg.ac.rs\/index.php\/sr\/dve-decenije-toksikogenomike\/\">here (in Serbian)<\/a>\n<br>\nWebex link: <a href=\"https:\/\/matf.webex.com\/meet\/birbi\">here<\/a><\/p>\n<br>\n\n\n\n<hr class=\"wp-block-separator has-css-opacity is-style-wide\"\/>\n\n\n\n<span style=\"font-size: 18px;\n    font-weight: bold;\n    color: gray;\">\n23.03.2022. 18:15 CET, Faculty of Mathematics (Online)\n<\/span>\n<p style=\"margin: 0\">\n<strong>Numerical simulations of microwave liver tumor ablation<\/strong>\n<\/p>\n\n<p style=\"font-style: italic; font-size: 16px\">Dr Marija Radmilovi\u0107-Ra\u0111enovi\u0107 and Dr Branislav Ra\u0111enovi\u0107, Institute of Physics, University of Belgrade<\/p>\n\n\n\n<p style=\"margin:0; font-size:16px\">\nDetails: <a href=\"http:\/\/birbi.matf.bg.ac.rs\/index.php\/sr\/numerical-simulations-of-microwave-liver-tumor-ablation-2\/\">here<\/a>\n<br>\nWebex link: <a href=\"https:\/\/matf.webex.com\/meet\/birbi\">here<\/a><\/p>\n<br>\n\n\n\n<hr class=\"wp-block-separator has-css-opacity is-style-wide\"\/>\n\n\n\n<span style=\"font-size: 18px;\n    font-weight: bold;\n    color: gray;\">\n02.03.2022. 18:15 CET, Faculty of Mathematics (Online)\n<\/span>\n<p style=\"margin: 0\">\n<strong>Infusing Structure and Knowledge Into Biomedical AI<\/strong>\n<\/p>\n\n<p style=\"font-style: italic; font-size: 16px\">Dr Marinka \u017ditnik, Harvard University<\/p>\n\n\n\n<p style=\"margin:0; font-size:16px\">\nDetails: <a href=\"http:\/\/birbi.matf.bg.ac.rs\/index.php\/sr\/infusing-structure-and-knowledge-into-biomedical-ai\">here<\/a>\n<br>\nWebex link: <a href=\"https:\/\/matf.webex.com\/meet\/birbi\">here<\/a><\/p>\n<br>\n\n\n\n<hr class=\"wp-block-separator has-css-opacity is-style-wide\"\/>\n\n\n\n<p>Previous seminars: <a href=\"http:\/\/birbi.matf.bg.ac.rs\/index.php\/en\/seminars-archive\/\">Here<\/a><\/p>\n","protected":false},"excerpt":{"rendered":"<p>10.05.2023. 18:15. CET, Faculty of Mathematics Semantic unification and search of bioinformatics databases Aleksandar Veljkovi\u0107, University of Belgrade, Faculty of Mathematics, Belgrade, Serbia Details: here Webex link: here 19.04.2023. 18:15. CET, Faculty of Mathematics Multi-view boosting with adversarial multi-arm bandits on incomplete microbiome views Andrea Simeon (born Mihajlovi\u0107), BioSense Institute, Novi Sad, Serbia Details: here &hellip; <a href=\"http:\/\/birbi.matf.bg.ac.rs\/index.php\/en\/seminars\/\" class=\"more-link\">Continue reading<span class=\"screen-reader-text\"> &#8220;Seminars&#8221;<\/span><\/a><\/p>\n","protected":false},"author":3,"featured_media":0,"parent":0,"menu_order":0,"comment_status":"closed","ping_status":"closed","template":"","meta":[],"acf":[],"_links":{"self":[{"href":"http:\/\/birbi.matf.bg.ac.rs\/index.php\/wp-json\/wp\/v2\/pages\/222"}],"collection":[{"href":"http:\/\/birbi.matf.bg.ac.rs\/index.php\/wp-json\/wp\/v2\/pages"}],"about":[{"href":"http:\/\/birbi.matf.bg.ac.rs\/index.php\/wp-json\/wp\/v2\/types\/page"}],"author":[{"embeddable":true,"href":"http:\/\/birbi.matf.bg.ac.rs\/index.php\/wp-json\/wp\/v2\/users\/3"}],"replies":[{"embeddable":true,"href":"http:\/\/birbi.matf.bg.ac.rs\/index.php\/wp-json\/wp\/v2\/comments?post=222"}],"version-history":[{"count":49,"href":"http:\/\/birbi.matf.bg.ac.rs\/index.php\/wp-json\/wp\/v2\/pages\/222\/revisions"}],"predecessor-version":[{"id":639,"href":"http:\/\/birbi.matf.bg.ac.rs\/index.php\/wp-json\/wp\/v2\/pages\/222\/revisions\/639"}],"wp:attachment":[{"href":"http:\/\/birbi.matf.bg.ac.rs\/index.php\/wp-json\/wp\/v2\/media?parent=222"}],"curies":[{"name":"wp","href":"https:\/\/api.w.org\/{rel}","templated":true}]}}